 7*t**2 + 8*t + 8. What is c(-6)?
-4
Let w(c) = -c**2 + c + 12. Determine w(0).
12
Let w(x) = 10*x + 7. Give w(-2).
-13
Let c(s) = 208*s + 1034. Calculate c(-5).
-6
Let o(h) = -h**2 - 2*h - 7. Calculate o(-4).
-15
Let w(h) = -15*h + 2. Determine w(1).
-13
Let b(x) = 3*x + 47. Give b(-12).
11
Let z(t) = t. What is z(0)?
0
Let s(p) = -p**2 - 11*p + 15. Determine s(-13).
-11
Let z(l) = 4*l + 64. Calculate z(-27).
-44
Let s(p) = -22*p - 58. Determine s(4).
-146
Let z(u) = -u**2 - 8*u - 10. What is z(-10)?
-30
Let u(c) = -15*c - 60. Determine u(-4).
0
Let i(b) = -b**2 + 4*b + 115. Calculate i(-9).
-2
Let n(i) = -i**2 - 6*i + 11. What is n(-8)?
-5
Let o(y) = -y**3 + 14*y**2 + 19*y - 20. Determine o(15).
40
Let t(r) = 10*r - 88. What is t(10)?
12
Let d(h) = -h**3 - 19*h**2 - 3*h - 51. Determine d(-19).
6
Let g(o) = o**3 - 8*o**2 - 17*o - 2. What is g(8)?
-138
Let c(j) = 16*j - 300. Determine c(19).
4
Let o(d) = d**3 + 6*d**2 - d - 7. Give o(-5).
23
Let i(z) = 2*z - 13. Calculate i(4).
-5
Let o(q) = -q + 16. Give o(0).
16
Let g(s) = 2*s + 25. Determine g(-13).
-1
Let u(g) = g**3 - 12*g**2 + 18*g - 71. What is u(11)?
6
Let s(y) = -6*y - 2. Give s(-2).
10
Let n(i) = -i**3 + 11. Calculate n(0).
11
Let t(v) = v**2 - 6*v. Determine t(7).
7
Let f(s) = -3*s. What is f(9)?
-27
Let n(d) = 3*d + 2. Calculate n(3).
11
Let a(r) = -r**2 + 2. What is a(3)?
-7
Let i(l) = -2*l**3 + 25*l**2 - 13*l + 8. What is i(12)?
-4
Let k(j) = j**2 + 12*j. Give k(-5).
-35
Let s(r) = -r + 2. What is s(-5)?
7
Let r(k) = k**3 + 3*k**2 + 34*k + 103. What is r(-3)?
1
Let n(x) = x**2 + 7*x + 2. Give n(-6).
-4
Let y(g) = -4*g + 36. What is y(10)?
-4
Let b(n) = n**2 - 11*n + 25. Determine b(9).
7
Let i(b) = b**2 + 15*b + 45. What is i(-13)?
19
Let j(t) = -11*t + 9. What is j(5)?
-46
Let o(y) = -y + 9. Calculate o(14).
-5
Let w(j) = -3*j**3 + 2*j**2 + 4. Determine w(2).
-12
Let p(o) = -3*o**3 - 22*o**2 - 19*o. What is p(-7)?
84
Let z(s) = -3*s**2 - 34*s - 51. Give z(-12).
-75
Let i(f) = 41*f + 582. Give i(-14).
8
Let j(p) = 6*p - 8. Give j(3).
10
Let q(s) = s**3 + 4*s**2 - 4*s - 3. Calculate q(-4).
13
Let z(f) = f**3 + 7*f**2 + 6*f - 5. Calculate z(-6).
-5
Let u(x) = x**3 - 10*x**2 + 10*x - 6. Calculate u(9).
3
Let y(c) = 15*c + 48. What is y(-4)?
-12
Let l(q) = 5*q - 1. Calculate l(4).
19
Let n(v) = -4*v + 2. Determine n(-3).
14
Let d(p) = p**3 + 13*p**2 + 2*p + 2. Give d(-13).
-24
Let j(r) = -r + 13. What is j(0)?
13
Let f(c) = -c**2 - 2*c - 1. Determine f(-4).
-9
Let k(s) = -4*s + 1. Give k(-1).
5
Let v(g) = -g**2 + 15*g - 16. Give v(13).
10
Let i(a) = a**2 - 26*a - 53. What is i(28)?
3
Let q(h) = -h**2 - 2*h + 13. Calculate q(-6).
-11
Let b(o) = 95*o + 469. Give b(-5).
-6
Let f(m) = m**3 - 14*m**2 + 48*m - 6. What is f(6)?
-6
Let n(x) = -3*x - 7. Determine n(-6).
11
Let h(a) = 76*a + 379. What is h(-5)?
-1
Let d(h) = -h**3 + 11*h**2 + 3*h + 16. What is d(11)?
49
Let x(j) = -40*j**3 + 2*j + 1. Determine x(-1).
39
Let l(h) = 2*h**2 - 7*h + 5. What is l(4)?
9
Let z(j) = 2*j**3 - j**2 + j - 5. Give z(0).
-5
Let n(o) = 130*o + 270. Calculate n(-2).
10
Let m(j) = -j**3 + 15*j**2 - 24*j - 23. Give m(13).
3
Let k(g) = g + 1. Give k(4).
5
Let b(q) = q**2 + 37*q + 264. Give b(-27).
-6
Let t(y) = -3*y**3 - 9*y**2 - 16*y - 25. Calculate t(-5).
205
Let k(s) = -5*s**2 + 3*s + 14. Calculate k(-2).
-12
Let c(i) = -13*i + 270. Give c(21).
-3
Let s(l) = l**2 - 13*l + 1. Give s(12).
-11
Let c(h) = h**2 + 6*h + 11. Calculate c(-6).
11
Let h(t) = -t**2 - t - 12. Calculate h(0).
-12
Let n(b) = b - 18. Calculate n(-1).
-19
Let y(h) = -h**3 + 7*h**2 - 6*h + 9. What is y(6)?
9
Let u(i) = -3*i + 11. Determine u(5).
-4
Let x(j) = -2*j**2 - 41*j + 21. Calculate x(-21).
0
Let w(c) = -19*c + 92. Determine w(5).
-3
Let z(u) = 18*u**2 - 4*u - 5. Give z(-1).
17
Let i(h) = -102*h - 507. Determine i(-5).
3
Let t(c) = c**3 - 2*c**2 - 56*c + 68. Calculate t(8).
4
Let v(h) = -38*h**3 - h**2 - h + 1. Determine v(1).
-39
Let m(f) = -15*f**2 - f. What is m(-1)?
-14
Let o(i) = 2*i - 25. Give o(9).
-7
Let t(l) = 6*l**3 - l**2 - 3*l - 3. Calculate t(-1).
-7
Let l(f) = f**3 - 4*f**2 + 7*f - 18. Calculate l(3).
-6
Let b(r) = 2*r**2 + 57*r - 35. Give b(-29).
-6
Let b(o) = o**3 - 3*o**2 - 27*o - 1. Give b(7).
6
Let t(l) = -l**2 + 3*l - 2. What is t(3)?
-2
Let d(i) = -i. What is d(1)?
-1
Let c(b) = b**3 + 2*b**2 + 4*b + 2. Determine c(-2).
-6
Let w(t) = -4*t**2 + t + 3. Give w(4).
-57
Let q(p) = p - 32. What is q(12)?
-20
Let x(y) = -2*y**2 + 7*y + 17. Calculate x(-3).
-22
Let c(f) = -5*f**3 - 3*f - 5. What is c(-2)?
41
Let r(j) = -j**3 + 5*j**2 + 9*j - 4. Give r(6).
14
Let u(i) = -9*i - 87. Determine u(-10).
3
Let f(v) = -v**3 - 8*v**2 + v + 16. What is f(-8)?
8
Let k(q) = -q**3 + 6*q**2 + q - 2. Calculate k(6).
4
Let y(l) = 3*l**2 + l - 4. Give y(-3).
20
Let g(y) = -y**3 + 11*y**2 + y + 9. Calculate g(11).
20
Let p(d) = -d - 47. Calculate p(12).
-59
Let f(z) = 4*z**2 + 5*z - 7. Determine f(-3).
14
Let w(n) = -33*n**3 + 2*n**2 + 6*n + 6. Calculate w(-1).
35
Let j(i) = -i**2 - 3*i - 4. Give j(-5).
-14
Let y(r) = -2*r - 6. Give y(-16).
26
Let y(c) = c**3 + 15*c**2 - 17*c - 20. What is y(-16)?
-4
Let i(d) = 10*d**2 + d + 2. Calculate i(2).
44
Let k(q) = q**3 - 2*q**2 - 9*q. Determine k(4).
-4
Let o(x) = 2*x**3 - 11*x**2 - 8*x + 14. What is o(6)?
2
Let r(v) = 10*v + 5. What is r(-2)?
-15
Let a(g) = g**3 - 20*g**2 + 18*g + 18. What is a(19)?
-1
Let l(g) = g**2 + 31*g + 74. Give l(-28).
-10
Let f(l) = 2*l**3 + 4*l**2 - 3*l - 2. Calculate f(-2).
4
Let h(r) = -5*r + 3. Determine h(2).
-7
Let i(g) = 9*g - 13. Calculate i(6).
41
Let j(v) = v**2 + 12*v - 6. Determine j(-11).
-17
Let v(m) = -4*m - 8. Calculate v(-1).
-4
Let w(m) = -m**2 + 7*m - 5. What is w(7)?
-5
Let i(o) = o**2 - 2. Give i(-2).
2
Let i(g) = 2*g**3 + 28*g**2 + 25*g - 26. Give i(-13).
-13
Let j(o) = -o**2 + 7*o + 10. Give j(8).
2
Let t(c) = 23*c + 39. Give t(-2).
-7
Let n(x) = -5*x - 95. What is n(-18)?
-5
Let c(p) = p**2 + 4*p - 9. What is c(-8)?
23
Let t(n) = -3*n - 12. Give t(-6).
6
Let u(h) = -2*h**2 + 6*h + 5. What is u(5)?
-15
Let t(o) = 3*o**2 + o + 3. Give t(-5).
73
Let z(x) = 37*x - 77. What is z(2)?
-3
Let v(c) = c + 79. Determine v(-19).
60
Let b(k) = k**2 - 22*k + 2. Determine b(21).
-19
Let p(r) = 5*r**2 + 30*r - 10. What is p(-5)?
-35
Let h(i) = 17*i**3 - i + 1. Determine h(1).
17
Let k(f) = f**2 - 14*f + 23. Calculate k(13).
10
Let p(k) = -18*k + 546. Give p(30).
6
Let k(f) = f**2 + 12*f + 11. Calculate k(-11).
0
Let s(t) = 2*t**3 - 5*t**2 + 7*t + 1. Determine s(2).
11
Let k(s) = s**3 + 3*s**2 + 6*s + 2. What is k(-3)?
-16
Let o(n) = n**2 - 98*n + 728. Give o(8).
8
Let h(w) = 22*w - 20. Determine h(3).
46
Let r(k) = -21*k + 3. What is r(-2)?
45
Let y(t) = -2*t**3 + 49*t**2 - 25*t + 12. Determine y(24).
-12
Let z(x) = 3*x + 5. Calculate z(0).
5
Let v(y) = 2*y - 15. What is v(-18)?
-51
Let x(f) = 6*f - 30. Determine x(9).
24
Let a(c) = c**3 + 8*c**2 + 5*c - 12. Calculate a(-7).
2
Let j(s) = 14*s**2 + 6*s - 10. What is j(3)?
134
Let m(c) = -c**3 + 2*c + 92. Give m(0).
92
Let v(i) = 2*i**2 - 23*i - 10. Calculate v(12).
2
Let b(m) = -m - 6. Calculate b(7).
-13
Let f(t) = 14*t - 13. Determine f(7).
85
Let l(o) = o**2 + 17*o + 35. Determine l(-14).
-7
Let g(i) = i**3 - 18*i**2 + 15*i + 22. Give g(17).
-12
Let r(w) = -w**3 + w**2 + 5*w + 4. Calculate r(3).
1
Let u(w) = 19*w + 273. Give u(-14).
7
Let k(l) = 7*l + 113. Calculate k(-17).
-6
Let t(q) = q**3 - 9*q**2 - 9*q - 16. Give t(10).
-6
Let m(q) = q**2 + 10*q - 49. Calculate m(4).
7
Let z(t) = t**3 - 2*t**2 - 18*t + 46. Calculate z(4).
6
Let k(y) = -y - 10. Give k(-4).
-6
Let r(y) = y**2 + 2*y + 1. Calculate r(2).
9
Let z(k) = 3*k**2 + 4*k - 1. Calculate z(3).
38
Let r(n) = 2*n + 13. Calculate r(-3).
7
Let d(r) = -r**2 + 2*r + 2. Calculate d(-2).
-6
Let k(a) = -a - 26. Give k(18).
-44
Let r(k) = k - 10. What is r(11)?
1
Let a(x) = 26*x**2 + 2*x - 1. What is a(1)?
27
Let c(y) = -y + 1. Calculate c(-6).
7
Let d(p) = -3*p - 75. Determine d(-27).
6
Let k(a) = 5*a - 10. Give k(12).
50
Let m(z) = -z**2 + 24. What is m(8)?
-40
Let v(f) = -5*f + 4. Determine v(4).
-16
Let m(a) = 3*a + 9. Determine m(12).
45
Let z(x) = x**3 - x**2 - 3*x - 2. Calculate z(-2).
-8
Let v(a) = a**3 - a**2 - 76. What is v(0)?
-76
Let c(v) = 27*v